e of 48?
True
Is 129 a factor of 7438527?
True
Is 14 a factor of 501337?
False
Is 52 a factor of 59748?
True
Is 1858 a factor of 27111936?
True
Is 677 a factor of 8110406?
False
Is 96 a factor of 61399?
False
Is 291934 a multiple of 13?
False
Is 8 a factor of 438980?
False
Is 2000 a factor of 1499297?
False
Does 1440 divide 8168177?
False
Is 398259 a multiple of 323?
True
Is 7260734 a multiple of 26?
True
Is 16707379 a multiple of 15?
False
Is 34 a factor of 13579?
False
Is 348008 a multiple of 41?
True
Does 5 divide 361101?
False
Is 48156 a multiple of 12?
True
Is 287757 a multiple of 109?
False
Is 4993765 a multiple of 61?
True
Is 1245407 a multiple of 2?
False
Is 415789 a multiple of 301?
False
Is 8 a factor of 75242?
False
Is 301896 a multiple of 317?
False
Does 11 divide 743359?
False
Is 235828 a multiple of 29?
True
Does 575 divide 37430?
False
Is 518067 a multiple of 386?
False
Does 765 divide 13222032?
False
Is 802548 a multiple of 4?
True
Is 470532 a multiple of 347?
True
Is 293664 a multiple of 14?
True
Does 8 divide 4881561?
False
Does 13 divide 269156?
False
Is 1983380 a multiple of 62?
True
Is 475217 a multiple of 13?
False
Is 10 a factor of 230360?
True
Does 36 divide 103299?
False
Is 1240651 a multiple of 107?
False
Does 14 divide 591962?
True
Does 93 divide 79515?
True
Is 5318441 a multiple of 49?
False
Is 228 a factor of 608261?
False
Is 58431 a multiple of 52?
False
Is 33 a factor of 332904?
True
Does 953 divide 944423?
True
Does 7 divide 8074161?
False
Is 74353 a multiple of 170?
False
Is 93 a factor of 17112?
True
Does 209 divide 134178?
True
Is 13600 a multiple of 50?
True
Is 1249100 a multiple of 129?
False
Is 76 a factor of 55328?
True
Does 93 divide 8048472?
False
Does 154 divide 331652?
False
Does 9 divide 71370?
True
Is 128 a factor of 144256?
True
Is 181 a factor of 809070?
True
Is 19012 a multiple of 97?
True
Is 140511 a multiple of 21?
True
Is 176989 a multiple of 260?
False
Does 80 divide 8720?
True
Is 27 a factor of 840078?
True
Is 10217 even?
False
Does 12 divide 85563?
False
Does 27 divide 2869911?
True
Is 285 a factor of 215745?
True
Is 2 a factor of 123710?
True
Is 288110 a multiple of 47?
True
Does 9 divide 2722850?
False
Is 2293407 a multiple of 86?
False
Is 1261483 a multiple of 2?
False
Is 59 a factor of 1231762?
False
Is 2605254 a multiple of 3?
True
Is 157521 a multiple of 3?
True
Is 15 a factor of 143115?
True
Is 157377 a multiple of 57?
True
Does 406 divide 3156424?
False
Is 15974250 a multiple of 19?
True
Is 30992 a multiple of 104?
True
Is 113 a factor of 2193782?
True
Does 4 divide 1040808?
True
Is 139 a factor of 122656?
False
Is 100110 a multiple of 142?
True
Is 3099206 a multiple of 20?
False
Is 32 a factor of 31392?
True
Does 146 divide 1318234?
True
Does 15 divide 891315?
True
Is 48 a factor of 850651?
False
Does 81 divide 16640?
False
Is 236 a factor of 877796?
False
Is 4698120 a multiple of 376?
True
Does 181 divide 149202?
False
Is 6 a factor of 56660?
False
Is 234201 a multiple of 151?
True
Does 24 divide 2024545?
False
Is 266 a factor of 671916?
True
Does 372 divide 8351028?
True
Is 389 a factor of 3091383?
True
Is 20 a factor of 2482140?
True
Does 15 divide 1323981?
False
Is 16874 a multiple of 26?
True
Does 157 divide 7420?
False
Is 323 a factor of 5293001?
True
Is 79 a factor of 6787206?
True
Does 294 divide 5142917?
False
Does 591 divide 1664035?
False
Is 11229946 a multiple of 26?
True
Does 7 divide 282415?
True
Does 34 divide 6878030?
True
Is 99025 a multiple of 2?
False
Is 301852 a multiple of 42?
False
Is 6758719 a multiple of 207?
False
Is 21 a factor of 8263521?
True
Does 51 divide 962982?
True
Does 18 divide 760500?
True
Is 4 a factor of 29188?
True
Does 304 divide 123340?
False
Does 20 divide 42340?
True
Is 25 a factor of 2000825?
True
Is 485 a factor of 315424?
False
Is 40 a factor of 5695398?
False
Is 1405901 a multiple of 16?
False
Does 58 divide 13158924?
True
Is 6 a factor of 522690?
True
Does 13 divide 410189?
True
Is 181963 a multiple of 19?
True
Does 591 divide 846840?
False
Does 11 divide 331540?
True
Is 62 a factor of 4405372?
False
Is 288534 a multiple of 114?
True
Is 525 a factor of 3552675?
True
Does 217 divide 2926212?
False
Is 130386 a multiple of 21?
False
Is 19 a factor of 687531?
False
Is 328842 a multiple of 19?
False
Is 127 a factor of 94647?
False
Is 409850 a multiple of 4?
False
Is 50 a factor of 6167950?
True
Is 807326 a multiple of 418?
False
Is 884630 a multiple of 21?
False
Is 92 a factor of 1295408?
False
Does 91 divide 50877?
False
Is 170396 even?
True
Is 11 a factor of 11660?
True
Is 6518855 a multiple of 35?
True
Is 25 a factor of 27125?
True
Is 133 a factor of 4362533?
True
Is 1092287 a multiple of 84?
False
Does 397 divide 1083016?
True
Is 1718667 a multiple of 387?
True
Is 381 a factor of 14575155?
True
Is 302 a factor of 2500258?
True
Does 257 divide 343609?
True
Is 56825 a multiple of 22?
False
Does 9 divide 405795?
False
Does 322 divide 48513?
False
Is 673 a factor of 301504?
True
Is 14 a factor of 983822?
True
Is 3 a factor of 10139?
False
Is 10004937 a multiple of 47?
True
Does 97 divide 318516?
False
Is 7 a factor of 127652?
True
Is 274 a factor of 890283?
False
Is 7 a factor of 1894258?
False
Does 210 divide 110993?
False
Is 2080175 a multiple of 319?
False
Is 10803415 a multiple of 271?
True
Is 360 a factor of 54720?
True
Is 194192 a multiple of 229?
True
Does 64 divide 89280?
True
Is 899 a factor of 6658893?
True
Is 136677 a multiple of 32?
False
Does 19 divide 128516?
True
Does 8 divide 51334?
False
Is 23943 a multiple of 69?
True
Is 284 a factor of 259008?
True
Is 1678608 a multiple of 72?
True
Is 41 a factor of 103032?
False
Is 9 a factor of 17371?
False
Is 61 a factor of 1188906?
False
Is 556 a factor of 23570231?
False
Is 366724 a multiple of 140?
False
Is 100 a factor of 109872?
False
Is 121527 a multiple of 11?
False
Is 11303126 a multiple of 16?
False
Is 77499 a multiple of 5?
False
Is 15575595 a multiple of 194?
False
Does 2 divide 125638?
True
Is 8288 a multiple of 148?
True
Does 24 divide 3016280?
False
Is 7173600 a multiple of 1120?
True
Is 7227590 a multiple of 2999?
True
Is 328 a factor of 1974888?
True
Is 10 a factor of 6211340?
True
Does 96 divide 9047520?
True
Does 255 divide 363375?
True
Is 82 a factor of 731977?
False
Is 862930 a multiple of 2?
True
Is 1998651 a multiple of 1020?
False
Is 347593 a multiple of 12?
False
Is 193 a factor of 3202687?
False
Is 74160 a multiple of 103?
True
Is 816100 a multiple of 2?
True
Is 40278 a multiple of 98?
True
Is 732249 a multiple of 63?
True
Does 354 divide 3318750?
True
Does 5 divide 231071?
False
Is 26 a factor of 954876?
True
Is 3495600 a multiple of 36?
True
Does 158 divide 21151673?
False
Does 7 divide 62833?
False
Is 58469 a multiple of 59?
True
Is 946536 a multiple of 233?
False
Does 539 divide 924385?
True
Is 37882 a multiple of 30?
False
Does 36 divide 2673963?
False
Is 120 a factor of 620572?
False
Is 133 a factor of 150583?
False
Is 13 a factor of 76019?
False
Is 489 a factor of 2111013?
True
Is 61 a factor of 523929?
True
Does 1059 divide 1685391?
False
Does 738 divide 3711373?
False
Does 53 divide 64024?
True
Is 4 a factor of 729590?
False
Does 7 divide 100893?
False
Is 9398355 a multiple of 705?
True
Is 13553 a multiple of 85?
False
Is 203760 a multiple of 120?
True
Does 50 divide 119450?
True
Is 85904 a multiple of 56?
True
Is 38981 a multiple of 209?
False
Does 113 divide 3157785?
True
Is 6977050 a multiple of 87?
False
Is 847401 a multiple of 158?
False
Is 375717 a multiple of 12?
False
Is 17 a factor of 437555?
False
Does 21 divide 234339?
True
Is 1070327 a multiple of 8?
False
Does 109 divide 1987070?
True
Is 808694 a multiple of 73?
True
Is 2087656 a multiple of 41?
False
Is 1021 a factor of 5571597?
True
Does 194 divide 567838?
True
Is 1023441 a multiple of 58?
False
Does 633 divide 595723?
False
Is 24 a factor of 3801225?
False
Is 40226 a multiple of 4?
False
Does 91 divide 2376738?
True
Is 20 a factor of 7734660?
True
Is 6252552 a multiple of 27?
True
Is 102 a factor of 177887?
False
Is 2903620 a multiple of 1143?
False
Is 162 a factor of 76302?
True
Is 1238027 a multiple of 71?
True
Is 178 a factor of 30260?
True
Is 538289 a multiple of 158?
False
Do